and 162?
54
What is the highest common divisor of 5943 and 231?
21
Calculate the greatest common divisor of 37092 and 132.
132
What is the highest common factor of 165 and 16335?
165
Calculate the greatest common factor of 98 and 1302.
14
Calculate the greatest common factor of 927 and 206.
103
Calculate the greatest common divisor of 63 and 5838.
21
Calculate the highest common divisor of 44 and 3916.
44
Calculate the highest common divisor of 22 and 913.
11
Calculate the greatest common factor of 21 and 959.
7
What is the highest common factor of 36 and 774?
18
What is the greatest common factor of 21 and 45?
3
Calculate the greatest common factor of 1410 and 376.
94
Calculate the highest common factor of 374 and 22.
22
What is the highest common divisor of 83 and 61752?
83
What is the greatest common factor of 24 and 52?
4
Calculate the greatest common factor of 9 and 405.
9
What is the greatest common factor of 14 and 114?
2
What is the greatest common factor of 235 and 15?
5
What is the highest common divisor of 1665 and 37?
37
Calculate the highest common divisor of 3951 and 54.
9
What is the greatest common factor of 38 and 437?
19
Calculate the greatest common factor of 548 and 4.
4
Calculate the greatest common divisor of 10995 and 20.
5
What is the highest common factor of 23007 and 3?
3
Calculate the greatest common divisor of 372 and 96.
12
What is the highest common factor of 1761 and 9?
3
What is the highest common divisor of 44 and 1188?
44
What is the greatest common factor of 4 and 4822?
2
What is the greatest common factor of 105 and 10?
5
What is the highest common factor of 266 and 56?
14
Calculate the highest common divisor of 18 and 495.
9
What is the greatest common divisor of 73 and 657?
73
Calculate the greatest common factor of 3080 and 1015.
35
Calculate the highest common divisor of 63 and 343.
7
What is the greatest common factor of 1029 and 42?
21
Calculate the highest common factor of 54 and 162.
54
Calculate the greatest common divisor of 6444 and 18.
18
What is the greatest common factor of 90 and 36?
18
What is the highest common factor of 210 and 63?
21
What is the greatest common divisor of 1377 and 17?
17
Calculate the greatest common divisor of 32 and 12.
4
What is the highest common factor of 16 and 256?
16
Calculate the highest common factor of 6908 and 22.
22
Calculate the greatest common divisor of 355 and 142.
71
Calculate the greatest common divisor of 8300 and 60.
20
What is the greatest common factor of 28 and 462?
14
Calculate the greatest common divisor of 39 and 10491.
39
What is the highest common divisor of 1134 and 84?
42
What is the highest common divisor of 88 and 1188?
44
What is the highest common factor of 22 and 17347?
11
What is the highest common divisor of 16 and 304?
16
What is the greatest common divisor of 18285 and 318?
159
What is the highest common factor of 836 and 88?
44
What is the greatest common factor of 246 and 24?
6
What is the greatest common factor of 1755 and 270?
135
Calculate the greatest common factor of 94 and 10.
2
Calculate the highest common divisor of 31 and 1333.
31
What is the greatest common factor of 11 and 11682?
11
Calculate the greatest common divisor of 69 and 253.
23
Calculate the highest common factor of 19 and 323.
19
Calculate the highest common divisor of 48 and 1896.
24
Calculate the highest common factor of 161 and 253.
23
Calculate the greatest common factor of 384 and 3.
3
Calculate the greatest common divisor of 7375 and 1180.
295
Calculate the greatest common factor of 4 and 28.
4
What is the greatest common divisor of 99 and 1206?
9
Calculate the highest common divisor of 28 and 20.
4
Calculate the highest common factor of 42 and 448.
14
What is the greatest common factor of 18 and 30?
6
Calculate the highest common factor of 3065 and 5.
5
What is the highest common divisor of 135 and 243?
27
What is the highest common divisor of 30704 and 76?
76
What is the greatest common factor of 60277 and 79?
79
What is the greatest common divisor of 848 and 1749?
53
What is the greatest common factor of 188 and 3807?
47
Calculate the greatest common divisor of 1254 and 132.
66
Calculate the highest common divisor of 37 and 18.
1
Calculate the greatest common factor of 34 and 374.
34
Calculate the highest common factor of 136 and 1428.
68
What is the highest common factor of 86 and 989?
43
Calculate the highest common factor of 3 and 375.
3
What is the highest common divisor of 8 and 82?
2
Calculate the greatest common factor of 8 and 696.
8
What is the greatest common factor of 2 and 82?
2
What is the highest common divisor of 96 and 591?
3
Calculate the greatest common divisor of 237 and 9559.
79
What is the greatest common factor of 14 and 420?
14
What is the greatest common factor of 286 and 5252?
26
What is the greatest common divisor of 20286 and 49?
49
What is the highest common divisor of 3558 and 24?
6
What is the highest common divisor of 115 and 299?
23
What is the greatest common factor of 4235 and 14?
7
Calculate the greatest common divisor of 519 and 3979.
173
Calculate the greatest common divisor of 1467 and 2119.
163
What is the highest common divisor of 530 and 5?
5
Calculate the highest common divisor of 608 and 38.
38
What is the highest common divisor of 168 and 96?
24
Calculate the greatest common factor of 152 and 80.
8
Calculate the highest common factor of 2626 and 202.
202
What is the highest common factor of 519 and 1384?
173
What is the greatest common factor of 71 and 5893?
71
Calculate the greatest common factor of 100 and 4075.
25
What is the highest common divisor of 4008 and 24?
24
Calculate the greatest common divisor of 33 and 14201.
11
What is the greatest common divisor of 66 and 3564?
66
Calculate the highest common factor of 306 and 68.
34
Calculate the highest common factor of 18 and 31986.
18
Calculate the highest common divisor of 850 and 50.
50
Calculate the highest common factor of 405 and 375.
15
Calculate the greatest common divisor of 564 and 24.
12
What is the greatest common divisor of 63 and 306?
9
What is the greatest common factor of 1748 and 92?
92
Calculate the greatest common divisor of 231 and 1113.
21
What is the greatest common divisor of 5202 and 90?
18
What is the highest common divisor of 504 and 8?
8
What is the highest common factor of 680 and 40?
40
What is the highest common divisor of 63 and 693?
63
Calculate the greatest common factor of 154 and 1001.
77
Calculate the greatest common divisor of 56 and 1528.
8
Calculate the greatest common divisor of 22 and 7942.
22
Calculate the highest common divisor of 42496 and 83.
83
Calculate the greatest common divisor of 50 and 20.
10
Calculate the highest common divisor of 1170 and 20.
10
What is the greatest common divisor of 16 and 5188?
4
What is the highest common divisor of 245 and 343?
49
Calculate the highest common factor of 32 and 48.
16
Calculate the greatest common divisor of 4 and 564.
4
What is the greatest common factor of 180 and 522?
18
What is the greatest common divisor of 78 and 702?
78
What is the greatest common divisor of 49 and 980?
49
Calculate the highest common divisor of 28 and 602.
14
Calculate the greatest common factor of 26 and 689.
13
Calculate the greatest common factor of 288 and 252.
36
Calculate the greatest common divisor of 17940 and 20.
20
Calculate the greatest common factor of 63 and 28.
7
Calculate the greatest common factor of 26 and 1079.
13
What is the highest common factor of 2709 and 215?
43
Calculate the highest common factor of 629 and 37.
37
What is the highest common factor of 3220 and 175?
35
What is the highest common divisor of 1 and 416?
1
What is the greatest common factor of 24 and 4296?
24
Calculate the greatest common divisor of 14 and 511.
7
What is the highest common divisor of 664 and 8?
8
What is the greatest common divisor of 1310 and 393?
131
Calculate the greatest common divisor of 10 and 1030.
10
Calculate the highest common factor of 242 and 220.
22
Calculate the greatest common divisor of 65 and 793.
13
What is the greatest common factor of 34 and 85?
17
Calculate the highest common factor of 322 and 77.
7
What is the greatest common divisor of 12 and 11574?
6
Calculate th